{"id":692,"date":"2023-12-16T10:28:15","date_gmt":"2023-12-16T10:28:15","guid":{"rendered":"https:\/\/www.jlcaberofotografia.com\/?page_id=692"},"modified":"2023-12-17T09:03:37","modified_gmt":"2023-12-17T09:03:37","slug":"artes-escenicas","status":"publish","type":"page","link":"https:\/\/www.jlcaberofotografia.com\/?page_id=692","title":{"rendered":"Artes esc\u00e9nicas"},"content":{"rendered":"\t\t<div data-elementor-type=\"wp-page\" data-elementor-id=\"692\" class=\"elementor elementor-692\" data-elementor-post-type=\"page\">\n\t\t\t\t\t\t<section class=\"elementor-section elementor-top-section elementor-element elementor-element-7f8aa41 elementor-section-boxed elementor-section-height-default elementor-section-height-default\" data-id=\"7f8aa41\" data-element_type=\"section\">\n\t\t\t\t\t\t<div class=\"elementor-container elementor-column-gap-default\">\n\t\t\t\t\t<div class=\"elementor-column elementor-col-100 elementor-top-column elementor-element elementor-element-98fe155\" data-id=\"98fe155\" data-element_type=\"column\">\n\t\t\t<div class=\"elementor-widget-wrap elementor-element-populated\">\n\t\t\t\t\t\t<div class=\"elementor-element elementor-element-fffd38b elementor-widget elementor-widget-text-editor\" data-id=\"fffd38b\" data-element_type=\"widget\" data-widget_type=\"text-editor.default\">\n\t\t\t\t<div class=\"elementor-widget-container\">\n\t\t\t\t\t\t\t<p>\u00a0<\/p>\n<p>Detr\u00e1s del tel\u00f3n hay todo un mundo y cuando el tel\u00f3n se abre s\u00f3lo podemos ver una peque\u00f1a parte de \u00e9l.<\/p>\t\t\t\t\t\t<\/div>\n\t\t\t\t<\/div>\n\t\t\t\t<div class=\"elementor-element elementor-element-42a7227 elementor-widget elementor-widget-gallery\" data-id=\"42a7227\" data-element_type=\"widget\" data-settings=\"{&quot;lazyload&quot;:&quot;yes&quot;,&quot;gallery_layout&quot;:&quot;grid&quot;,&quot;columns&quot;:4,&quot;columns_tablet&quot;:2,&quot;columns_mobile&quot;:1,&quot;gap&quot;:{&quot;unit&quot;:&quot;px&quot;,&quot;size&quot;:10,&quot;sizes&quot;:[]},&quot;gap_tablet&quot;:{&quot;unit&quot;:&quot;px&quot;,&quot;size&quot;:10,&quot;sizes&quot;:[]},&quot;gap_mobile&quot;:{&quot;unit&quot;:&quot;px&quot;,&quot;size&quot;:10,&quot;sizes&quot;:[]},&quot;link_to&quot;:&quot;file&quot;,&quot;aspect_ratio&quot;:&quot;3:2&quot;,&quot;overlay_background&quot;:&quot;yes&quot;,&quot;content_hover_animation&quot;:&quot;fade-in&quot;}\" data-widget_type=\"gallery.default\">\n\t\t\t\t<div class=\"elementor-widget-container\">\n\t\t\t\t\t<div class=\"elementor-gallery__container\">\n\t\t\t\t\t\t\t<a class=\"e-gallery-item elementor-gallery-item elementor-animated-content\" href=\"https:\/\/www.jlcaberofotografia.com\/wp-content\/uploads\/2022\/02\/DSF5605pqprpq.jpg\" data-elementor-open-lightbox=\"yes\" data-elementor-lightbox-slideshow=\"42a7227\" data-elementor-lightbox-title=\"_DSF5605pqprpq\" data-e-action-hash=\"#elementor-action%3Aaction%3Dlightbox%26settings%3DeyJpZCI6NDQzLCJ1cmwiOiJodHRwczpcL1wvd3d3LmpsY2FiZXJvZm90b2dyYWZpYS5jb21cL3dwLWNvbnRlbnRcL3VwbG9hZHNcLzIwMjJcLzAyXC9EU0Y1NjA1cHFwcnBxLmpwZyIsInNsaWRlc2hvdyI6IjQyYTcyMjcifQ%3D%3D\">\n\t\t\t\t\t<div class=\"e-gallery-image elementor-gallery-item__image\" data-thumbnail=\"https:\/\/www.jlcaberofotografia.com\/wp-content\/uploads\/2022\/02\/DSF5605pqprpq-300x300.jpg\" data-width=\"300\" data-height=\"300\" aria-label=\"\" role=\"img\" ><\/div>\n\t\t\t\t\t\t\t\t\t\t\t<div class=\"elementor-gallery-item__overlay\"><\/div>\n\t\t\t\t\t\t\t\t\t\t\t\t\t\t<\/a>\n\t\t\t\t\t\t\t<a class=\"e-gallery-item elementor-gallery-item elementor-animated-content\" href=\"https:\/\/www.jlcaberofotografia.com\/wp-content\/uploads\/2022\/02\/DSF1057.jpg\" data-elementor-open-lightbox=\"yes\" data-elementor-lightbox-slideshow=\"42a7227\" data-elementor-lightbox-title=\"_DSF1057\" data-e-action-hash=\"#elementor-action%3Aaction%3Dlightbox%26settings%3DeyJpZCI6NDQyLCJ1cmwiOiJodHRwczpcL1wvd3d3LmpsY2FiZXJvZm90b2dyYWZpYS5jb21cL3dwLWNvbnRlbnRcL3VwbG9hZHNcLzIwMjJcLzAyXC9EU0YxMDU3LmpwZyIsInNsaWRlc2hvdyI6IjQyYTcyMjcifQ%3D%3D\">\n\t\t\t\t\t<div class=\"e-gallery-image elementor-gallery-item__image\" data-thumbnail=\"https:\/\/www.jlcaberofotografia.com\/wp-content\/uploads\/2022\/02\/DSF1057-300x300.jpg\" data-width=\"300\" data-height=\"300\" aria-label=\"\" role=\"img\" ><\/div>\n\t\t\t\t\t\t\t\t\t\t\t<div class=\"elementor-gallery-item__overlay\"><\/div>\n\t\t\t\t\t\t\t\t\t\t\t\t\t\t<\/a>\n\t\t\t\t\t\t\t<a class=\"e-gallery-item elementor-gallery-item elementor-animated-content\" href=\"https:\/\/www.jlcaberofotografia.com\/wp-content\/uploads\/2022\/02\/DSF0283pq.jpg\" data-elementor-open-lightbox=\"yes\" data-elementor-lightbox-slideshow=\"42a7227\" data-elementor-lightbox-title=\"_DSF0283pq\" data-e-action-hash=\"#elementor-action%3Aaction%3Dlightbox%26settings%3DeyJpZCI6NDQxLCJ1cmwiOiJodHRwczpcL1wvd3d3LmpsY2FiZXJvZm90b2dyYWZpYS5jb21cL3dwLWNvbnRlbnRcL3VwbG9hZHNcLzIwMjJcLzAyXC9EU0YwMjgzcHEuanBnIiwic2xpZGVzaG93IjoiNDJhNzIyNyJ9\">\n\t\t\t\t\t<div class=\"e-gallery-image elementor-gallery-item__image\" data-thumbnail=\"https:\/\/www.jlcaberofotografia.com\/wp-content\/uploads\/2022\/02\/DSF0283pq-300x300.jpg\" data-width=\"300\" data-height=\"300\" aria-label=\"\" role=\"img\" ><\/div>\n\t\t\t\t\t\t\t\t\t\t\t<div class=\"elementor-gallery-item__overlay\"><\/div>\n\t\t\t\t\t\t\t\t\t\t\t\t\t\t<\/a>\n\t\t\t\t\t\t\t<a class=\"e-gallery-item elementor-gallery-item elementor-animated-content\" href=\"https:\/\/www.jlcaberofotografia.com\/wp-content\/uploads\/2022\/02\/DSF0014pq-1.jpg\" data-elementor-open-lightbox=\"yes\" data-elementor-lightbox-slideshow=\"42a7227\" data-elementor-lightbox-title=\"_DSF0014pq\" data-e-action-hash=\"#elementor-action%3Aaction%3Dlightbox%26settings%3DeyJpZCI6NDQwLCJ1cmwiOiJodHRwczpcL1wvd3d3LmpsY2FiZXJvZm90b2dyYWZpYS5jb21cL3dwLWNvbnRlbnRcL3VwbG9hZHNcLzIwMjJcLzAyXC9EU0YwMDE0cHEtMS5qcGciLCJzbGlkZXNob3ciOiI0MmE3MjI3In0%3D\">\n\t\t\t\t\t<div class=\"e-gallery-image elementor-gallery-item__image\" data-thumbnail=\"https:\/\/www.jlcaberofotografia.com\/wp-content\/uploads\/2022\/02\/DSF0014pq-1-300x300.jpg\" data-width=\"300\" data-height=\"300\" aria-label=\"\" role=\"img\" ><\/div>\n\t\t\t\t\t\t\t\t\t\t\t<div class=\"elementor-gallery-item__overlay\"><\/div>\n\t\t\t\t\t\t\t\t\t\t\t\t\t\t<\/a>\n\t\t\t\t\t\t\t<a class=\"e-gallery-item elementor-gallery-item elementor-animated-content\" href=\"https:\/\/www.jlcaberofotografia.com\/wp-content\/uploads\/2022\/02\/DSF7775prpq-1.jpg\" data-elementor-open-lightbox=\"yes\" data-elementor-lightbox-slideshow=\"42a7227\" data-elementor-lightbox-title=\"_DSF7775prpq\" data-e-action-hash=\"#elementor-action%3Aaction%3Dlightbox%26settings%3DeyJpZCI6NDIwLCJ1cmwiOiJodHRwczpcL1wvd3d3LmpsY2FiZXJvZm90b2dyYWZpYS5jb21cL3dwLWNvbnRlbnRcL3VwbG9hZHNcLzIwMjJcLzAyXC9EU0Y3Nzc1cHJwcS0xLmpwZyIsInNsaWRlc2hvdyI6IjQyYTcyMjcifQ%3D%3D\">\n\t\t\t\t\t<div class=\"e-gallery-image elementor-gallery-item__image\" data-thumbnail=\"https:\/\/www.jlcaberofotografia.com\/wp-content\/uploads\/2022\/02\/DSF7775prpq-1-300x300.jpg\" data-width=\"300\" data-height=\"300\" aria-label=\"\" role=\"img\" ><\/div>\n\t\t\t\t\t\t\t\t\t\t\t<div class=\"elementor-gallery-item__overlay\"><\/div>\n\t\t\t\t\t\t\t\t\t\t\t\t\t\t<\/a>\n\t\t\t\t\t\t\t<a class=\"e-gallery-item elementor-gallery-item elementor-animated-content\" href=\"https:\/\/www.jlcaberofotografia.com\/wp-content\/uploads\/2022\/02\/DSF7662prpq.jpg\" data-elementor-open-lightbox=\"yes\" data-elementor-lightbox-slideshow=\"42a7227\" data-elementor-lightbox-title=\"_DSF7662prpq\" data-e-action-hash=\"#elementor-action%3Aaction%3Dlightbox%26settings%3DeyJpZCI6NDE5LCJ1cmwiOiJodHRwczpcL1wvd3d3LmpsY2FiZXJvZm90b2dyYWZpYS5jb21cL3dwLWNvbnRlbnRcL3VwbG9hZHNcLzIwMjJcLzAyXC9EU0Y3NjYycHJwcS5qcGciLCJzbGlkZXNob3ciOiI0MmE3MjI3In0%3D\">\n\t\t\t\t\t<div class=\"e-gallery-image elementor-gallery-item__image\" data-thumbnail=\"https:\/\/www.jlcaberofotografia.com\/wp-content\/uploads\/2022\/02\/DSF7662prpq-300x300.jpg\" data-width=\"300\" data-height=\"300\" aria-label=\"\" role=\"img\" ><\/div>\n\t\t\t\t\t\t\t\t\t\t\t<div class=\"elementor-gallery-item__overlay\"><\/div>\n\t\t\t\t\t\t\t\t\t\t\t\t\t\t<\/a>\n\t\t\t\t\t\t\t<a class=\"e-gallery-item elementor-gallery-item elementor-animated-content\" href=\"https:\/\/www.jlcaberofotografia.com\/wp-content\/uploads\/2022\/02\/DSF5636pq.jpg\" data-elementor-open-lightbox=\"yes\" data-elementor-lightbox-slideshow=\"42a7227\" data-elementor-lightbox-title=\"_DSF5636pq\" data-e-action-hash=\"#elementor-action%3Aaction%3Dlightbox%26settings%3DeyJpZCI6NDE4LCJ1cmwiOiJodHRwczpcL1wvd3d3LmpsY2FiZXJvZm90b2dyYWZpYS5jb21cL3dwLWNvbnRlbnRcL3VwbG9hZHNcLzIwMjJcLzAyXC9EU0Y1NjM2cHEuanBnIiwic2xpZGVzaG93IjoiNDJhNzIyNyJ9\">\n\t\t\t\t\t<div class=\"e-gallery-image elementor-gallery-item__image\" data-thumbnail=\"https:\/\/www.jlcaberofotografia.com\/wp-content\/uploads\/2022\/02\/DSF5636pq-300x300.jpg\" data-width=\"300\" data-height=\"300\" aria-label=\"\" role=\"img\" ><\/div>\n\t\t\t\t\t\t\t\t\t\t\t<div class=\"elementor-gallery-item__overlay\"><\/div>\n\t\t\t\t\t\t\t\t\t\t\t\t\t\t<\/a>\n\t\t\t\t\t\t\t<a class=\"e-gallery-item elementor-gallery-item elementor-animated-content\" href=\"https:\/\/www.jlcaberofotografia.com\/wp-content\/uploads\/2022\/02\/DSF4686prpq.jpg\" data-elementor-open-lightbox=\"yes\" data-elementor-lightbox-slideshow=\"42a7227\" data-elementor-lightbox-title=\"_DSF4686prpq\" data-e-action-hash=\"#elementor-action%3Aaction%3Dlightbox%26settings%3DeyJpZCI6NDE3LCJ1cmwiOiJodHRwczpcL1wvd3d3LmpsY2FiZXJvZm90b2dyYWZpYS5jb21cL3dwLWNvbnRlbnRcL3VwbG9hZHNcLzIwMjJcLzAyXC9EU0Y0Njg2cHJwcS5qcGciLCJzbGlkZXNob3ciOiI0MmE3MjI3In0%3D\">\n\t\t\t\t\t<div class=\"e-gallery-image elementor-gallery-item__image\" data-thumbnail=\"https:\/\/www.jlcaberofotografia.com\/wp-content\/uploads\/2022\/02\/DSF4686prpq-300x300.jpg\" data-width=\"300\" data-height=\"300\" aria-label=\"\" role=\"img\" ><\/div>\n\t\t\t\t\t\t\t\t\t\t\t<div class=\"elementor-gallery-item__overlay\"><\/div>\n\t\t\t\t\t\t\t\t\t\t\t\t\t\t<\/a>\n\t\t\t\t\t\t\t<a class=\"e-gallery-item elementor-gallery-item elementor-animated-content\" href=\"https:\/\/www.jlcaberofotografia.com\/wp-content\/uploads\/2022\/02\/DSF7775prpq.jpg\" data-elementor-open-lightbox=\"yes\" data-elementor-lightbox-slideshow=\"42a7227\" data-elementor-lightbox-title=\"_DSF7775prpq\" data-e-action-hash=\"#elementor-action%3Aaction%3Dlightbox%26settings%3DeyJpZCI6NDA0LCJ1cmwiOiJodHRwczpcL1wvd3d3LmpsY2FiZXJvZm90b2dyYWZpYS5jb21cL3dwLWNvbnRlbnRcL3VwbG9hZHNcLzIwMjJcLzAyXC9EU0Y3Nzc1cHJwcS5qcGciLCJzbGlkZXNob3ciOiI0MmE3MjI3In0%3D\">\n\t\t\t\t\t<div class=\"e-gallery-image elementor-gallery-item__image\" data-thumbnail=\"https:\/\/www.jlcaberofotografia.com\/wp-content\/uploads\/2022\/02\/DSF7775prpq-300x300.jpg\" data-width=\"300\" data-height=\"300\" aria-label=\"\" role=\"img\" ><\/div>\n\t\t\t\t\t\t\t\t\t\t\t<div class=\"elementor-gallery-item__overlay\"><\/div>\n\t\t\t\t\t\t\t\t\t\t\t\t\t\t<\/a>\n\t\t\t\t\t\t\t<a class=\"e-gallery-item elementor-gallery-item elementor-animated-content\" href=\"https:\/\/www.jlcaberofotografia.com\/wp-content\/uploads\/2022\/02\/DSF0014pq.jpg\" data-elementor-open-lightbox=\"yes\" data-elementor-lightbox-slideshow=\"42a7227\" data-elementor-lightbox-title=\"_DSF0014pq\" data-e-action-hash=\"#elementor-action%3Aaction%3Dlightbox%26settings%3DeyJpZCI6NDEzLCJ1cmwiOiJodHRwczpcL1wvd3d3LmpsY2FiZXJvZm90b2dyYWZpYS5jb21cL3dwLWNvbnRlbnRcL3VwbG9hZHNcLzIwMjJcLzAyXC9EU0YwMDE0cHEuanBnIiwic2xpZGVzaG93IjoiNDJhNzIyNyJ9\">\n\t\t\t\t\t<div class=\"e-gallery-image elementor-gallery-item__image\" data-thumbnail=\"https:\/\/www.jlcaberofotografia.com\/wp-content\/uploads\/2022\/02\/DSF0014pq-300x300.jpg\" data-width=\"300\" data-height=\"300\" aria-label=\"\" role=\"img\" ><\/div>\n\t\t\t\t\t\t\t\t\t\t\t<div class=\"elementor-gallery-item__overlay\"><\/div>\n\t\t\t\t\t\t\t\t\t\t\t\t\t\t<\/a>\n\t\t\t\t\t\t\t<a class=\"e-gallery-item elementor-gallery-item elementor-animated-content\" href=\"https:\/\/www.jlcaberofotografia.com\/wp-content\/uploads\/2022\/02\/DSF0216pqprpq.jpg\" data-elementor-open-lightbox=\"yes\" data-elementor-lightbox-slideshow=\"42a7227\" data-elementor-lightbox-title=\"_DSF0216pqprpq\" data-e-action-hash=\"#elementor-action%3Aaction%3Dlightbox%26settings%3DeyJpZCI6NDE0LCJ1cmwiOiJodHRwczpcL1wvd3d3LmpsY2FiZXJvZm90b2dyYWZpYS5jb21cL3dwLWNvbnRlbnRcL3VwbG9hZHNcLzIwMjJcLzAyXC9EU0YwMjE2cHFwcnBxLmpwZyIsInNsaWRlc2hvdyI6IjQyYTcyMjcifQ%3D%3D\">\n\t\t\t\t\t<div class=\"e-gallery-image elementor-gallery-item__image\" data-thumbnail=\"https:\/\/www.jlcaberofotografia.com\/wp-content\/uploads\/2022\/02\/DSF0216pqprpq-300x300.jpg\" data-width=\"300\" data-height=\"300\" aria-label=\"\" role=\"img\" ><\/div>\n\t\t\t\t\t\t\t\t\t\t\t<div class=\"elementor-gallery-item__overlay\"><\/div>\n\t\t\t\t\t\t\t\t\t\t\t\t\t\t<\/a>\n\t\t\t\t\t\t\t<a class=\"e-gallery-item elementor-gallery-item elementor-animated-content\" href=\"https:\/\/www.jlcaberofotografia.com\/wp-content\/uploads\/2022\/02\/DSF1352pr.jpg\" data-elementor-open-lightbox=\"yes\" data-elementor-lightbox-slideshow=\"42a7227\" data-elementor-lightbox-title=\"_DSF1352pr\" data-e-action-hash=\"#elementor-action%3Aaction%3Dlightbox%26settings%3DeyJpZCI6NDE1LCJ1cmwiOiJodHRwczpcL1wvd3d3LmpsY2FiZXJvZm90b2dyYWZpYS5jb21cL3dwLWNvbnRlbnRcL3VwbG9hZHNcLzIwMjJcLzAyXC9EU0YxMzUycHIuanBnIiwic2xpZGVzaG93IjoiNDJhNzIyNyJ9\">\n\t\t\t\t\t<div class=\"e-gallery-image elementor-gallery-item__image\" data-thumbnail=\"https:\/\/www.jlcaberofotografia.com\/wp-content\/uploads\/2022\/02\/DSF1352pr-300x300.jpg\" data-width=\"300\" data-height=\"300\" aria-label=\"\" role=\"img\" ><\/div>\n\t\t\t\t\t\t\t\t\t\t\t<div class=\"elementor-gallery-item__overlay\"><\/div>\n\t\t\t\t\t\t\t\t\t\t\t\t\t\t<\/a>\n\t\t\t\t\t\t\t<a class=\"e-gallery-item elementor-gallery-item elementor-animated-content\" href=\"https:\/\/www.jlcaberofotografia.com\/wp-content\/uploads\/2022\/02\/DSF3952.jpg\" data-elementor-open-lightbox=\"yes\" data-elementor-lightbox-slideshow=\"42a7227\" data-elementor-lightbox-title=\"_DSF3952\" data-e-action-hash=\"#elementor-action%3Aaction%3Dlightbox%26settings%3DeyJpZCI6NDE2LCJ1cmwiOiJodHRwczpcL1wvd3d3LmpsY2FiZXJvZm90b2dyYWZpYS5jb21cL3dwLWNvbnRlbnRcL3VwbG9hZHNcLzIwMjJcLzAyXC9EU0YzOTUyLmpwZyIsInNsaWRlc2hvdyI6IjQyYTcyMjcifQ%3D%3D\">\n\t\t\t\t\t<div class=\"e-gallery-image elementor-gallery-item__image\" data-thumbnail=\"https:\/\/www.jlcaberofotografia.com\/wp-content\/uploads\/2022\/02\/DSF3952-300x300.jpg\" data-width=\"300\" data-height=\"300\" aria-label=\"\" role=\"img\" ><\/div>\n\t\t\t\t\t\t\t\t\t\t\t<div class=\"elementor-gallery-item__overlay\"><\/div>\n\t\t\t\t\t\t\t\t\t\t\t\t\t\t<\/a>\n\t\t\t\t\t\t\t<a class=\"e-gallery-item elementor-gallery-item elementor-animated-content\" href=\"https:\/\/www.jlcaberofotografia.com\/wp-content\/uploads\/2022\/02\/DSF9269prpqpq.jpg\" data-elementor-open-lightbox=\"yes\" data-elementor-lightbox-slideshow=\"42a7227\" data-elementor-lightbox-title=\"_DSF9269prpqpq\" data-e-action-hash=\"#elementor-action%3Aaction%3Dlightbox%26settings%3DeyJpZCI6Mzk1LCJ1cmwiOiJodHRwczpcL1wvd3d3LmpsY2FiZXJvZm90b2dyYWZpYS5jb21cL3dwLWNvbnRlbnRcL3VwbG9hZHNcLzIwMjJcLzAyXC9EU0Y5MjY5cHJwcXBxLmpwZyIsInNsaWRlc2hvdyI6IjQyYTcyMjcifQ%3D%3D\">\n\t\t\t\t\t<div class=\"e-gallery-image elementor-gallery-item__image\" data-thumbnail=\"https:\/\/www.jlcaberofotografia.com\/wp-content\/uploads\/2022\/02\/DSF9269prpqpq-300x300.jpg\" data-width=\"300\" data-height=\"300\" aria-label=\"\" role=\"img\" ><\/div>\n\t\t\t\t\t\t\t\t\t\t\t<div class=\"elementor-gallery-item__overlay\"><\/div>\n\t\t\t\t\t\t\t\t\t\t\t\t\t\t<\/a>\n\t\t\t\t\t\t\t<a class=\"e-gallery-item elementor-gallery-item elementor-animated-content\" href=\"https:\/\/www.jlcaberofotografia.com\/wp-content\/uploads\/2022\/02\/DSF1089pr_web.jpg\" data-elementor-open-lightbox=\"yes\" data-elementor-lightbox-slideshow=\"42a7227\" data-elementor-lightbox-title=\"_DSF1089pr_web\" data-e-action-hash=\"#elementor-action%3Aaction%3Dlightbox%26settings%3DeyJpZCI6Mzk0LCJ1cmwiOiJodHRwczpcL1wvd3d3LmpsY2FiZXJvZm90b2dyYWZpYS5jb21cL3dwLWNvbnRlbnRcL3VwbG9hZHNcLzIwMjJcLzAyXC9EU0YxMDg5cHJfd2ViLmpwZyIsInNsaWRlc2hvdyI6IjQyYTcyMjcifQ%3D%3D\">\n\t\t\t\t\t<div class=\"e-gallery-image elementor-gallery-item__image\" data-thumbnail=\"https:\/\/www.jlcaberofotografia.com\/wp-content\/uploads\/2022\/02\/DSF1089pr_web-300x300.jpg\" data-width=\"300\" data-height=\"300\" aria-label=\"\" role=\"img\" ><\/div>\n\t\t\t\t\t\t\t\t\t\t\t<div class=\"elementor-gallery-item__overlay\"><\/div>\n\t\t\t\t\t\t\t\t\t\t\t\t\t\t<\/a>\n\t\t\t\t\t\t\t<a class=\"e-gallery-item elementor-gallery-item elementor-animated-content\" href=\"https:\/\/www.jlcaberofotografia.com\/wp-content\/uploads\/2021\/12\/cropped-DSF1247.jpg\" data-elementor-open-lightbox=\"yes\" data-elementor-lightbox-slideshow=\"42a7227\" data-elementor-lightbox-title=\"cropped-DSF1247.jpg\" data-e-action-hash=\"#elementor-action%3Aaction%3Dlightbox%26settings%3DeyJpZCI6NDgsInVybCI6Imh0dHBzOlwvXC93d3cuamxjYWJlcm9mb3RvZ3JhZmlhLmNvbVwvd3AtY29udGVudFwvdXBsb2Fkc1wvMjAyMVwvMTJcL2Nyb3BwZWQtRFNGMTI0Ny5qcGciLCJzbGlkZXNob3ciOiI0MmE3MjI3In0%3D\">\n\t\t\t\t\t<div class=\"e-gallery-image elementor-gallery-item__image\" data-thumbnail=\"https:\/\/www.jlcaberofotografia.com\/wp-content\/uploads\/2021\/12\/cropped-DSF1247-300x169.jpg\" data-width=\"300\" data-height=\"169\" aria-label=\"\" role=\"img\" ><\/div>\n\t\t\t\t\t\t\t\t\t\t\t<div class=\"elementor-gallery-item__overlay\"><\/div>\n\t\t\t\t\t\t\t\t\t\t\t\t\t\t<\/a>\n\t\t\t\t\t\t\t<a class=\"e-gallery-item elementor-gallery-item elementor-animated-content\" href=\"https:\/\/www.jlcaberofotografia.com\/wp-content\/uploads\/2021\/12\/DSF9157prweb.jpg\" data-elementor-open-lightbox=\"yes\" data-elementor-lightbox-slideshow=\"42a7227\" data-elementor-lightbox-title=\"_DSF9157prweb\" data-e-action-hash=\"#elementor-action%3Aaction%3Dlightbox%26settings%3DeyJpZCI6NDIsInVybCI6Imh0dHBzOlwvXC93d3cuamxjYWJlcm9mb3RvZ3JhZmlhLmNvbVwvd3AtY29udGVudFwvdXBsb2Fkc1wvMjAyMVwvMTJcL0RTRjkxNTdwcndlYi5qcGciLCJzbGlkZXNob3ciOiI0MmE3MjI3In0%3D\">\n\t\t\t\t\t<div class=\"e-gallery-image elementor-gallery-item__image\" data-thumbnail=\"https:\/\/www.jlcaberofotografia.com\/wp-content\/uploads\/2021\/12\/DSF9157prweb-300x169.jpg\" data-width=\"300\" data-height=\"169\" aria-label=\"\" role=\"img\" ><\/div>\n\t\t\t\t\t\t\t\t\t\t\t<div class=\"elementor-gallery-item__overlay\"><\/div>\n\t\t\t\t\t\t\t\t\t\t\t\t\t\t<\/a>\n\t\t\t\t\t\t\t<a class=\"e-gallery-item elementor-gallery-item elementor-animated-content\" href=\"https:\/\/www.jlcaberofotografia.com\/wp-content\/uploads\/2021\/12\/Cartel-exposicion-1.jpg\" data-elementor-open-lightbox=\"yes\" data-elementor-lightbox-slideshow=\"42a7227\" data-elementor-lightbox-title=\"Cartel-exposicion-1\" data-e-action-hash=\"#elementor-action%3Aaction%3Dlightbox%26settings%3DeyJpZCI6NDEsInVybCI6Imh0dHBzOlwvXC93d3cuamxjYWJlcm9mb3RvZ3JhZmlhLmNvbVwvd3AtY29udGVudFwvdXBsb2Fkc1wvMjAyMVwvMTJcL0NhcnRlbC1leHBvc2ljaW9uLTEuanBnIiwic2xpZGVzaG93IjoiNDJhNzIyNyJ9\">\n\t\t\t\t\t<div class=\"e-gallery-image elementor-gallery-item__image\" data-thumbnail=\"https:\/\/www.jlcaberofotografia.com\/wp-content\/uploads\/2021\/12\/Cartel-exposicion-1-212x300.jpg\" data-width=\"212\" data-height=\"300\" aria-label=\"\" role=\"img\" ><\/div>\n\t\t\t\t\t\t\t\t\t\t\t<div class=\"elementor-gallery-item__overlay\"><\/div>\n\t\t\t\t\t\t\t\t\t\t\t\t\t\t<\/a>\n\t\t\t\t\t\t\t<a class=\"e-gallery-item elementor-gallery-item elementor-animated-content\" href=\"https:\/\/www.jlcaberofotografia.com\/wp-content\/uploads\/2021\/12\/Revista-portada.jpg\" data-elementor-open-lightbox=\"yes\" data-elementor-lightbox-slideshow=\"42a7227\" data-elementor-lightbox-title=\"Revista-portada\" data-e-action-hash=\"#elementor-action%3Aaction%3Dlightbox%26settings%3DeyJpZCI6NDAsInVybCI6Imh0dHBzOlwvXC93d3cuamxjYWJlcm9mb3RvZ3JhZmlhLmNvbVwvd3AtY29udGVudFwvdXBsb2Fkc1wvMjAyMVwvMTJcL1JldmlzdGEtcG9ydGFkYS5qcGciLCJzbGlkZXNob3ciOiI0MmE3MjI3In0%3D\">\n\t\t\t\t\t<div class=\"e-gallery-image elementor-gallery-item__image\" data-thumbnail=\"https:\/\/www.jlcaberofotografia.com\/wp-content\/uploads\/2021\/12\/Revista-portada-225x300.jpg\" data-width=\"225\" data-height=\"300\" aria-label=\"\" role=\"img\" ><\/div>\n\t\t\t\t\t\t\t\t\t\t\t<div class=\"elementor-gallery-item__overlay\"><\/div>\n\t\t\t\t\t\t\t\t\t\t\t\t\t\t<\/a>\n\t\t\t\t\t\t\t<a class=\"e-gallery-item elementor-gallery-item elementor-animated-content\" href=\"https:\/\/www.jlcaberofotografia.com\/wp-content\/uploads\/2021\/12\/DSF1247.jpg\" data-elementor-open-lightbox=\"yes\" data-elementor-lightbox-slideshow=\"42a7227\" data-elementor-lightbox-title=\"DSF1247\" data-e-action-hash=\"#elementor-action%3Aaction%3Dlightbox%26settings%3DeyJpZCI6MzUsInVybCI6Imh0dHBzOlwvXC93d3cuamxjYWJlcm9mb3RvZ3JhZmlhLmNvbVwvd3AtY29udGVudFwvdXBsb2Fkc1wvMjAyMVwvMTJcL0RTRjEyNDcuanBnIiwic2xpZGVzaG93IjoiNDJhNzIyNyJ9\">\n\t\t\t\t\t<div class=\"e-gallery-image elementor-gallery-item__image\" data-thumbnail=\"https:\/\/www.jlcaberofotografia.com\/wp-content\/uploads\/2021\/12\/DSF1247-300x200.jpg\" data-width=\"300\" data-height=\"200\" aria-label=\"\" role=\"img\" ><\/div>\n\t\t\t\t\t\t\t\t\t\t\t<div class=\"elementor-gallery-item__overlay\"><\/div>\n\t\t\t\t\t\t\t\t\t\t\t\t\t\t<\/a>\n\t\t\t\t\t<\/div>\n\t\t\t<\/div>\n\t\t\t\t<\/div>\n\t\t\t\t\t<\/div>\n\t\t<\/div>\n\t\t\t\t\t<\/div>\n\t\t<\/section>\n\t\t\t\t<\/div>\n\t\t","protected":false},"excerpt":{"rendered":"<p>\u00a0 Detr\u00e1s del tel\u00f3n hay todo un mundo y cuando el tel\u00f3n se abre s\u00f3lo podemos ver una peque\u00f1a parte de \u00e9l.<\/p>\n","protected":false},"author":1,"featured_media":0,"parent":0,"menu_order":0,"comment_status":"closed","ping_status":"closed","template":"","meta":{"footnotes":""},"class_list":["post-692","page","type-page","status-publish"],"_links":{"self":[{"href":"https:\/\/www.jlcaberofotografia.com\/index.php?rest_route=\/wp\/v2\/pages\/692","targetHints":{"allow":["GET"]}}],"collection":[{"href":"https:\/\/www.jlcaberofotografia.com\/index.php?rest_route=\/wp\/v2\/pages"}],"about":[{"href":"https:\/\/www.jlcaberofotografia.com\/index.php?rest_route=\/wp\/v2\/types\/page"}],"author":[{"embeddable":true,"href":"https:\/\/www.jlcaberofotografia.com\/index.php?rest_route=\/wp\/v2\/users\/1"}],"replies":[{"embeddable":true,"href":"https:\/\/www.jlcaberofotografia.com\/index.php?rest_route=%2Fwp%2Fv2%2Fcomments&post=692"}],"version-history":[{"count":16,"href":"https:\/\/www.jlcaberofotografia.com\/index.php?rest_route=\/wp\/v2\/pages\/692\/revisions"}],"predecessor-version":[{"id":889,"href":"https:\/\/www.jlcaberofotografia.com\/index.php?rest_route=\/wp\/v2\/pages\/692\/revisions\/889"}],"wp:attachment":[{"href":"https:\/\/www.jlcaberofotografia.com\/index.php?rest_route=%2Fwp%2Fv2%2Fmedia&parent=692"}],"curies":[{"name":"wp","href":"https:\/\/api.w.org\/{rel}","templated":true}]}}