{"id":1155,"date":"2024-11-03T17:10:03","date_gmt":"2024-11-03T17:10:03","guid":{"rendered":"https:\/\/www.jlcaberofotografia.com\/?page_id=1155"},"modified":"2024-11-05T23:11:51","modified_gmt":"2024-11-05T23:11:51","slug":"compania-joven-faea","status":"publish","type":"page","link":"https:\/\/www.jlcaberofotografia.com\/?page_id=1155","title":{"rendered":"Compa\u00f1\u00eda j\u00f3ven FAEA"},"content":{"rendered":"\t\t<div data-elementor-type=\"wp-page\" data-elementor-id=\"1155\" class=\"elementor elementor-1155\" data-elementor-post-type=\"page\">\n\t\t\t\t\t\t<section class=\"elementor-section elementor-top-section elementor-element elementor-element-7367e5f elementor-section-boxed elementor-section-height-default elementor-section-height-default\" data-id=\"7367e5f\" data-element_type=\"section\">\n\t\t\t\t\t\t<div class=\"elementor-container elementor-column-gap-default\">\n\t\t\t\t\t<div class=\"elementor-column elementor-col-100 elementor-top-column elementor-element elementor-element-f2d08b4\" data-id=\"f2d08b4\" data-element_type=\"column\">\n\t\t\t<div class=\"elementor-widget-wrap\">\n\t\t\t\t\t\t\t<\/div>\n\t\t<\/div>\n\t\t\t\t\t<\/div>\n\t\t<\/section>\n\t\t\t\t<section class=\"elementor-section elementor-top-section elementor-element elementor-element-9fb4c89 elementor-section-boxed elementor-section-height-default elementor-section-height-default\" data-id=\"9fb4c89\" data-element_type=\"section\">\n\t\t\t\t\t\t<div class=\"elementor-container elementor-column-gap-default\">\n\t\t\t\t\t<div class=\"elementor-column elementor-col-100 elementor-top-column elementor-element elementor-element-4655ec0\" data-id=\"4655ec0\" data-element_type=\"column\">\n\t\t\t<div class=\"elementor-widget-wrap elementor-element-populated\">\n\t\t\t\t\t\t<div class=\"elementor-element elementor-element-0699e1b elementor-arrows-position-inside elementor-pagination-position-outside elementor-widget elementor-widget-image-carousel\" data-id=\"0699e1b\" data-element_type=\"widget\" data-settings=\"{&quot;slides_to_show&quot;:&quot;3&quot;,&quot;slides_to_scroll&quot;:&quot;3&quot;,&quot;navigation&quot;:&quot;both&quot;,&quot;autoplay&quot;:&quot;yes&quot;,&quot;pause_on_hover&quot;:&quot;yes&quot;,&quot;pause_on_interaction&quot;:&quot;yes&quot;,&quot;autoplay_speed&quot;:5000,&quot;infinite&quot;:&quot;yes&quot;,&quot;speed&quot;:500}\" data-widget_type=\"image-carousel.default\">\n\t\t\t\t<div class=\"elementor-widget-container\">\n\t\t\t\t\t<div class=\"elementor-image-carousel-wrapper swiper\" dir=\"ltr\">\n\t\t\t<div class=\"elementor-image-carousel swiper-wrapper\" aria-live=\"off\">\n\t\t\t\t\t\t\t\t<div class=\"swiper-slide\" role=\"group\" aria-roledescription=\"slide\" aria-label=\"1 de 51\"><figure class=\"swiper-slide-inner\"><img decoding=\"async\" class=\"swiper-slide-image\" src=\"https:\/\/www.jlcaberofotografia.com\/wp-content\/uploads\/2024\/11\/DSCF0193_Storie-300x240.jpg\" alt=\"DSCF0193_Storie\" \/><\/figure><\/div><div class=\"swiper-slide\" role=\"group\" aria-roledescription=\"slide\" aria-label=\"2 de 51\"><figure class=\"swiper-slide-inner\"><img decoding=\"async\" class=\"swiper-slide-image\" src=\"https:\/\/www.jlcaberofotografia.com\/wp-content\/uploads\/2024\/11\/DSCF0379_Storie-300x240.jpg\" alt=\"DSCF0379_Storie\" \/><\/figure><\/div><div class=\"swiper-slide\" role=\"group\" aria-roledescription=\"slide\" aria-label=\"3 de 51\"><figure class=\"swiper-slide-inner\"><img decoding=\"async\" class=\"swiper-slide-image\" src=\"https:\/\/www.jlcaberofotografia.com\/wp-content\/uploads\/2024\/11\/DSCF0377_Storie-300x300.jpg\" alt=\"DSCF0377_Storie\" \/><\/figure><\/div><div class=\"swiper-slide\" role=\"group\" aria-roledescription=\"slide\" aria-label=\"4 de 51\"><figure class=\"swiper-slide-inner\"><img decoding=\"async\" class=\"swiper-slide-image\" src=\"https:\/\/www.jlcaberofotografia.com\/wp-content\/uploads\/2024\/11\/DSCF0369_Storie-300x300.jpg\" alt=\"DSCF0369_Storie\" \/><\/figure><\/div><div class=\"swiper-slide\" role=\"group\" aria-roledescription=\"slide\" aria-label=\"5 de 51\"><figure class=\"swiper-slide-inner\"><img decoding=\"async\" class=\"swiper-slide-image\" src=\"https:\/\/www.jlcaberofotografia.com\/wp-content\/uploads\/2024\/11\/DSCF0364_Storie-300x200.jpg\" alt=\"DSCF0364_Storie\" \/><\/figure><\/div><div class=\"swiper-slide\" role=\"group\" aria-roledescription=\"slide\" aria-label=\"6 de 51\"><figure class=\"swiper-slide-inner\"><img decoding=\"async\" class=\"swiper-slide-image\" src=\"https:\/\/www.jlcaberofotografia.com\/wp-content\/uploads\/2024\/11\/DSCF0356_Storie-300x300.jpg\" alt=\"DSCF0356_Storie\" \/><\/figure><\/div><div class=\"swiper-slide\" role=\"group\" aria-roledescription=\"slide\" aria-label=\"7 de 51\"><figure class=\"swiper-slide-inner\"><img decoding=\"async\" class=\"swiper-slide-image\" src=\"https:\/\/www.jlcaberofotografia.com\/wp-content\/uploads\/2024\/11\/DSCF0353_Storie-300x300.jpg\" alt=\"DSCF0353_Storie\" \/><\/figure><\/div><div class=\"swiper-slide\" role=\"group\" aria-roledescription=\"slide\" aria-label=\"8 de 51\"><figure class=\"swiper-slide-inner\"><img decoding=\"async\" class=\"swiper-slide-image\" src=\"https:\/\/www.jlcaberofotografia.com\/wp-content\/uploads\/2024\/11\/DSCF0345_Storie-300x300.jpg\" alt=\"DSCF0345_Storie\" \/><\/figure><\/div><div class=\"swiper-slide\" role=\"group\" aria-roledescription=\"slide\" aria-label=\"9 de 51\"><figure class=\"swiper-slide-inner\"><img decoding=\"async\" class=\"swiper-slide-image\" src=\"https:\/\/www.jlcaberofotografia.com\/wp-content\/uploads\/2024\/11\/DSCF0338_Storie-300x240.jpg\" alt=\"DSCF0338_Storie\" \/><\/figure><\/div><div class=\"swiper-slide\" role=\"group\" aria-roledescription=\"slide\" aria-label=\"10 de 51\"><figure class=\"swiper-slide-inner\"><img decoding=\"async\" class=\"swiper-slide-image\" src=\"https:\/\/www.jlcaberofotografia.com\/wp-content\/uploads\/2024\/11\/DSCF0329_Storie-300x300.jpg\" alt=\"DSCF0329_Storie\" \/><\/figure><\/div><div class=\"swiper-slide\" role=\"group\" aria-roledescription=\"slide\" aria-label=\"11 de 51\"><figure class=\"swiper-slide-inner\"><img decoding=\"async\" class=\"swiper-slide-image\" src=\"https:\/\/www.jlcaberofotografia.com\/wp-content\/uploads\/2024\/11\/DSCF0326_Storie-300x240.jpg\" alt=\"DSCF0326_Storie\" \/><\/figure><\/div><div class=\"swiper-slide\" role=\"group\" aria-roledescription=\"slide\" aria-label=\"12 de 51\"><figure class=\"swiper-slide-inner\"><img decoding=\"async\" class=\"swiper-slide-image\" src=\"https:\/\/www.jlcaberofotografia.com\/wp-content\/uploads\/2024\/11\/DSCF0319_Storie-300x240.jpg\" alt=\"DSCF0319_Storie\" \/><\/figure><\/div><div class=\"swiper-slide\" role=\"group\" aria-roledescription=\"slide\" aria-label=\"13 de 51\"><figure class=\"swiper-slide-inner\"><img decoding=\"async\" class=\"swiper-slide-image\" src=\"https:\/\/www.jlcaberofotografia.com\/wp-content\/uploads\/2024\/11\/DSCF0312_Storie-200x300.jpg\" alt=\"DSCF0312_Storie\" \/><\/figure><\/div><div class=\"swiper-slide\" role=\"group\" aria-roledescription=\"slide\" aria-label=\"14 de 51\"><figure class=\"swiper-slide-inner\"><img decoding=\"async\" class=\"swiper-slide-image\" src=\"https:\/\/www.jlcaberofotografia.com\/wp-content\/uploads\/2024\/11\/DSCF0307_Storie-200x300.jpg\" alt=\"DSCF0307_Storie\" \/><\/figure><\/div><div class=\"swiper-slide\" role=\"group\" aria-roledescription=\"slide\" aria-label=\"15 de 51\"><figure class=\"swiper-slide-inner\"><img decoding=\"async\" class=\"swiper-slide-image\" src=\"https:\/\/www.jlcaberofotografia.com\/wp-content\/uploads\/2024\/11\/DSCF0305_Storie-300x240.jpg\" alt=\"DSCF0305_Storie\" \/><\/figure><\/div><div class=\"swiper-slide\" role=\"group\" aria-roledescription=\"slide\" aria-label=\"16 de 51\"><figure class=\"swiper-slide-inner\"><img decoding=\"async\" class=\"swiper-slide-image\" src=\"https:\/\/www.jlcaberofotografia.com\/wp-content\/uploads\/2024\/11\/DSCF0304_Storie-300x300.jpg\" alt=\"DSCF0304_Storie\" \/><\/figure><\/div><div class=\"swiper-slide\" role=\"group\" aria-roledescription=\"slide\" aria-label=\"17 de 51\"><figure class=\"swiper-slide-inner\"><img decoding=\"async\" class=\"swiper-slide-image\" src=\"https:\/\/www.jlcaberofotografia.com\/wp-content\/uploads\/2024\/11\/DSCF0301_Storie-300x240.jpg\" alt=\"DSCF0301_Storie\" \/><\/figure><\/div><div class=\"swiper-slide\" role=\"group\" aria-roledescription=\"slide\" aria-label=\"18 de 51\"><figure class=\"swiper-slide-inner\"><img decoding=\"async\" class=\"swiper-slide-image\" src=\"https:\/\/www.jlcaberofotografia.com\/wp-content\/uploads\/2024\/11\/DSCF0297_Storie-300x300.jpg\" alt=\"DSCF0297_Storie\" \/><\/figure><\/div><div class=\"swiper-slide\" role=\"group\" aria-roledescription=\"slide\" aria-label=\"19 de 51\"><figure class=\"swiper-slide-inner\"><img decoding=\"async\" class=\"swiper-slide-image\" src=\"https:\/\/www.jlcaberofotografia.com\/wp-content\/uploads\/2024\/11\/DSCF0284_Storie-300x300.jpg\" alt=\"DSCF0284_Storie\" \/><\/figure><\/div><div class=\"swiper-slide\" role=\"group\" aria-roledescription=\"slide\" aria-label=\"20 de 51\"><figure class=\"swiper-slide-inner\"><img decoding=\"async\" class=\"swiper-slide-image\" src=\"https:\/\/www.jlcaberofotografia.com\/wp-content\/uploads\/2024\/11\/DSCF0282_Storie-300x300.jpg\" alt=\"DSCF0282_Storie\" \/><\/figure><\/div><div class=\"swiper-slide\" role=\"group\" aria-roledescription=\"slide\" aria-label=\"21 de 51\"><figure class=\"swiper-slide-inner\"><img decoding=\"async\" class=\"swiper-slide-image\" src=\"https:\/\/www.jlcaberofotografia.com\/wp-content\/uploads\/2024\/11\/DSCF0280_Storie-300x240.jpg\" alt=\"DSCF0280_Storie\" \/><\/figure><\/div><div class=\"swiper-slide\" role=\"group\" aria-roledescription=\"slide\" aria-label=\"22 de 51\"><figure class=\"swiper-slide-inner\"><img decoding=\"async\" class=\"swiper-slide-image\" src=\"https:\/\/www.jlcaberofotografia.com\/wp-content\/uploads\/2024\/11\/DSCF0275_Storie-300x240.jpg\" alt=\"DSCF0275_Storie\" \/><\/figure><\/div><div class=\"swiper-slide\" role=\"group\" aria-roledescription=\"slide\" aria-label=\"23 de 51\"><figure class=\"swiper-slide-inner\"><img decoding=\"async\" class=\"swiper-slide-image\" src=\"https:\/\/www.jlcaberofotografia.com\/wp-content\/uploads\/2024\/11\/DSCF0273_Storie-200x300.jpg\" alt=\"DSCF0273_Storie\" \/><\/figure><\/div><div class=\"swiper-slide\" role=\"group\" aria-roledescription=\"slide\" aria-label=\"24 de 51\"><figure class=\"swiper-slide-inner\"><img decoding=\"async\" class=\"swiper-slide-image\" src=\"https:\/\/www.jlcaberofotografia.com\/wp-content\/uploads\/2024\/11\/DSCF0272_Storie-200x300.jpg\" alt=\"DSCF0272_Storie\" \/><\/figure><\/div><div class=\"swiper-slide\" role=\"group\" aria-roledescription=\"slide\" aria-label=\"25 de 51\"><figure class=\"swiper-slide-inner\"><img decoding=\"async\" class=\"swiper-slide-image\" src=\"https:\/\/www.jlcaberofotografia.com\/wp-content\/uploads\/2024\/11\/DSCF0268_Storie-200x300.jpg\" alt=\"DSCF0268_Storie\" \/><\/figure><\/div><div class=\"swiper-slide\" role=\"group\" aria-roledescription=\"slide\" aria-label=\"26 de 51\"><figure class=\"swiper-slide-inner\"><img decoding=\"async\" class=\"swiper-slide-image\" src=\"https:\/\/www.jlcaberofotografia.com\/wp-content\/uploads\/2024\/11\/DSCF0261_Storie-300x240.jpg\" alt=\"DSCF0261_Storie\" \/><\/figure><\/div><div class=\"swiper-slide\" role=\"group\" aria-roledescription=\"slide\" aria-label=\"27 de 51\"><figure class=\"swiper-slide-inner\"><img decoding=\"async\" class=\"swiper-slide-image\" src=\"https:\/\/www.jlcaberofotografia.com\/wp-content\/uploads\/2024\/11\/DSCF0260_Storie-300x300.jpg\" alt=\"DSCF0260_Storie\" \/><\/figure><\/div><div class=\"swiper-slide\" role=\"group\" aria-roledescription=\"slide\" aria-label=\"28 de 51\"><figure class=\"swiper-slide-inner\"><img decoding=\"async\" class=\"swiper-slide-image\" src=\"https:\/\/www.jlcaberofotografia.com\/wp-content\/uploads\/2024\/11\/DSCF0257_Storie-300x240.jpg\" alt=\"DSCF0257_Storie\" \/><\/figure><\/div><div class=\"swiper-slide\" role=\"group\" aria-roledescription=\"slide\" aria-label=\"29 de 51\"><figure class=\"swiper-slide-inner\"><img decoding=\"async\" class=\"swiper-slide-image\" src=\"https:\/\/www.jlcaberofotografia.com\/wp-content\/uploads\/2024\/11\/DSCF0256_Storie-300x240.jpg\" alt=\"DSCF0256_Storie\" \/><\/figure><\/div><div class=\"swiper-slide\" role=\"group\" aria-roledescription=\"slide\" aria-label=\"30 de 51\"><figure class=\"swiper-slide-inner\"><img decoding=\"async\" class=\"swiper-slide-image\" src=\"https:\/\/www.jlcaberofotografia.com\/wp-content\/uploads\/2024\/11\/DSCF0252_Storie-300x300.jpg\" alt=\"DSCF0252_Storie\" \/><\/figure><\/div><div class=\"swiper-slide\" role=\"group\" aria-roledescription=\"slide\" aria-label=\"31 de 51\"><figure class=\"swiper-slide-inner\"><img decoding=\"async\" class=\"swiper-slide-image\" src=\"https:\/\/www.jlcaberofotografia.com\/wp-content\/uploads\/2024\/11\/DSCF0248_Storie-300x240.jpg\" alt=\"DSCF0248_Storie\" \/><\/figure><\/div><div class=\"swiper-slide\" role=\"group\" aria-roledescription=\"slide\" aria-label=\"32 de 51\"><figure class=\"swiper-slide-inner\"><img decoding=\"async\" class=\"swiper-slide-image\" src=\"https:\/\/www.jlcaberofotografia.com\/wp-content\/uploads\/2024\/11\/DSCF0243_Storie-300x300.jpg\" alt=\"DSCF0243_Storie\" \/><\/figure><\/div><div class=\"swiper-slide\" role=\"group\" aria-roledescription=\"slide\" aria-label=\"33 de 51\"><figure class=\"swiper-slide-inner\"><img decoding=\"async\" class=\"swiper-slide-image\" src=\"https:\/\/www.jlcaberofotografia.com\/wp-content\/uploads\/2024\/11\/DSCF0242_Storie-300x240.jpg\" alt=\"DSCF0242_Storie\" \/><\/figure><\/div><div class=\"swiper-slide\" role=\"group\" aria-roledescription=\"slide\" aria-label=\"34 de 51\"><figure class=\"swiper-slide-inner\"><img decoding=\"async\" class=\"swiper-slide-image\" src=\"https:\/\/www.jlcaberofotografia.com\/wp-content\/uploads\/2024\/11\/DSCF0241_Storie-300x300.jpg\" alt=\"DSCF0241_Storie\" \/><\/figure><\/div><div class=\"swiper-slide\" role=\"group\" aria-roledescription=\"slide\" aria-label=\"35 de 51\"><figure class=\"swiper-slide-inner\"><img decoding=\"async\" class=\"swiper-slide-image\" src=\"https:\/\/www.jlcaberofotografia.com\/wp-content\/uploads\/2024\/11\/DSCF0238_Storie-200x300.jpg\" alt=\"DSCF0238_Storie\" \/><\/figure><\/div><div class=\"swiper-slide\" role=\"group\" aria-roledescription=\"slide\" aria-label=\"36 de 51\"><figure class=\"swiper-slide-inner\"><img decoding=\"async\" class=\"swiper-slide-image\" src=\"https:\/\/www.jlcaberofotografia.com\/wp-content\/uploads\/2024\/11\/DSCF0236_Storie-300x240.jpg\" alt=\"DSCF0236_Storie\" \/><\/figure><\/div><div class=\"swiper-slide\" role=\"group\" aria-roledescription=\"slide\" aria-label=\"37 de 51\"><figure class=\"swiper-slide-inner\"><img decoding=\"async\" class=\"swiper-slide-image\" src=\"https:\/\/www.jlcaberofotografia.com\/wp-content\/uploads\/2024\/11\/DSCF0230_Storie-300x240.jpg\" alt=\"DSCF0230_Storie\" \/><\/figure><\/div><div class=\"swiper-slide\" role=\"group\" aria-roledescription=\"slide\" aria-label=\"38 de 51\"><figure class=\"swiper-slide-inner\"><img decoding=\"async\" class=\"swiper-slide-image\" src=\"https:\/\/www.jlcaberofotografia.com\/wp-content\/uploads\/2024\/11\/DSCF0229_Storie-300x300.jpg\" alt=\"DSCF0229_Storie\" \/><\/figure><\/div><div class=\"swiper-slide\" role=\"group\" aria-roledescription=\"slide\" aria-label=\"39 de 51\"><figure class=\"swiper-slide-inner\"><img decoding=\"async\" class=\"swiper-slide-image\" src=\"https:\/\/www.jlcaberofotografia.com\/wp-content\/uploads\/2024\/11\/DSCF0224_Storie-300x240.jpg\" alt=\"DSCF0224_Storie\" \/><\/figure><\/div><div class=\"swiper-slide\" role=\"group\" aria-roledescription=\"slide\" aria-label=\"40 de 51\"><figure class=\"swiper-slide-inner\"><img decoding=\"async\" class=\"swiper-slide-image\" src=\"https:\/\/www.jlcaberofotografia.com\/wp-content\/uploads\/2024\/11\/DSCF0219_Storie-200x300.jpg\" alt=\"DSCF0219_Storie\" \/><\/figure><\/div><div class=\"swiper-slide\" role=\"group\" aria-roledescription=\"slide\" aria-label=\"41 de 51\"><figure class=\"swiper-slide-inner\"><img decoding=\"async\" class=\"swiper-slide-image\" src=\"https:\/\/www.jlcaberofotografia.com\/wp-content\/uploads\/2024\/11\/DSCF0216_Storie-300x300.jpg\" alt=\"DSCF0216_Storie\" \/><\/figure><\/div><div class=\"swiper-slide\" role=\"group\" aria-roledescription=\"slide\" aria-label=\"42 de 51\"><figure class=\"swiper-slide-inner\"><img decoding=\"async\" class=\"swiper-slide-image\" src=\"https:\/\/www.jlcaberofotografia.com\/wp-content\/uploads\/2024\/11\/DSCF0213_Storie-300x240.jpg\" alt=\"DSCF0213_Storie\" \/><\/figure><\/div><div class=\"swiper-slide\" role=\"group\" aria-roledescription=\"slide\" aria-label=\"43 de 51\"><figure class=\"swiper-slide-inner\"><img decoding=\"async\" class=\"swiper-slide-image\" src=\"https:\/\/www.jlcaberofotografia.com\/wp-content\/uploads\/2024\/11\/DSCF0211_Storie-300x300.jpg\" alt=\"DSCF0211_Storie\" \/><\/figure><\/div><div class=\"swiper-slide\" role=\"group\" aria-roledescription=\"slide\" aria-label=\"44 de 51\"><figure class=\"swiper-slide-inner\"><img decoding=\"async\" class=\"swiper-slide-image\" src=\"https:\/\/www.jlcaberofotografia.com\/wp-content\/uploads\/2024\/11\/DSCF0209_Storie-300x240.jpg\" alt=\"DSCF0209_Storie\" \/><\/figure><\/div><div class=\"swiper-slide\" role=\"group\" aria-roledescription=\"slide\" aria-label=\"45 de 51\"><figure class=\"swiper-slide-inner\"><img decoding=\"async\" class=\"swiper-slide-image\" src=\"https:\/\/www.jlcaberofotografia.com\/wp-content\/uploads\/2024\/11\/DSCF0205_Storie-200x300.jpg\" alt=\"DSCF0205_Storie\" \/><\/figure><\/div><div class=\"swiper-slide\" role=\"group\" aria-roledescription=\"slide\" aria-label=\"46 de 51\"><figure class=\"swiper-slide-inner\"><img decoding=\"async\" class=\"swiper-slide-image\" src=\"https:\/\/www.jlcaberofotografia.com\/wp-content\/uploads\/2024\/11\/DSCF0203_Storie-200x300.jpg\" alt=\"DSCF0203_Storie\" \/><\/figure><\/div><div class=\"swiper-slide\" role=\"group\" aria-roledescription=\"slide\" aria-label=\"47 de 51\"><figure class=\"swiper-slide-inner\"><img decoding=\"async\" class=\"swiper-slide-image\" src=\"https:\/\/www.jlcaberofotografia.com\/wp-content\/uploads\/2024\/11\/DSCF0200_Storie-300x300.jpg\" alt=\"DSCF0200_Storie\" \/><\/figure><\/div><div class=\"swiper-slide\" role=\"group\" aria-roledescription=\"slide\" aria-label=\"48 de 51\"><figure class=\"swiper-slide-inner\"><img decoding=\"async\" class=\"swiper-slide-image\" src=\"https:\/\/www.jlcaberofotografia.com\/wp-content\/uploads\/2024\/11\/DSCF0199_Storie-300x300.jpg\" alt=\"DSCF0199_Storie\" \/><\/figure><\/div><div class=\"swiper-slide\" role=\"group\" aria-roledescription=\"slide\" aria-label=\"49 de 51\"><figure class=\"swiper-slide-inner\"><img decoding=\"async\" class=\"swiper-slide-image\" src=\"https:\/\/www.jlcaberofotografia.com\/wp-content\/uploads\/2024\/11\/DSCF0198_Storie-300x300.jpg\" alt=\"DSCF0198_Storie\" \/><\/figure><\/div><div class=\"swiper-slide\" role=\"group\" aria-roledescription=\"slide\" aria-label=\"50 de 51\"><figure class=\"swiper-slide-inner\"><img decoding=\"async\" class=\"swiper-slide-image\" src=\"https:\/\/www.jlcaberofotografia.com\/wp-content\/uploads\/2024\/11\/DSCF0197_Storie-300x300.jpg\" alt=\"DSCF0197_Storie\" \/><\/figure><\/div><div class=\"swiper-slide\" role=\"group\" aria-roledescription=\"slide\" aria-label=\"51 de 51\"><figure class=\"swiper-slide-inner\"><img decoding=\"async\" class=\"swiper-slide-image\" src=\"https:\/\/www.jlcaberofotografia.com\/wp-content\/uploads\/2024\/11\/DSCF0195_Storie-300x240.jpg\" alt=\"DSCF0195_Storie\" \/><\/figure><\/div>\t\t\t<\/div>\n\t\t\t\t\t\t\t\t\t\t\t\t<div class=\"elementor-swiper-button elementor-swiper-button-prev\" role=\"button\" tabindex=\"0\">\n\t\t\t\t\t\t<i aria-hidden=\"true\" class=\"eicon-chevron-left\"><\/i>\t\t\t\t\t<\/div>\n\t\t\t\t\t<div class=\"elementor-swiper-button elementor-swiper-button-next\" role=\"button\" tabindex=\"0\">\n\t\t\t\t\t\t<i aria-hidden=\"true\" class=\"eicon-chevron-right\"><\/i>\t\t\t\t\t<\/div>\n\t\t\t\t\n\t\t\t\t\t\t\t\t\t<div class=\"swiper-pagination\"><\/div>\n\t\t\t\t\t\t\t\t\t<\/div>\n\t\t\t\t<\/div>\n\t\t\t\t<\/div>\n\t\t\t\t\t<\/div>\n\t\t<\/div>\n\t\t\t\t\t<\/div>\n\t\t<\/section>\n\t\t\t\t<\/div>\n\t\t","protected":false},"excerpt":{"rendered":"","protected":false},"author":1,"featured_media":0,"parent":0,"menu_order":0,"comment_status":"closed","ping_status":"closed","template":"","meta":{"footnotes":""},"class_list":["post-1155","page","type-page","status-publish"],"_links":{"self":[{"href":"https:\/\/www.jlcaberofotografia.com\/index.php?rest_route=\/wp\/v2\/pages\/1155","targetHints":{"allow":["GET"]}}],"collection":[{"href":"https:\/\/www.jlcaberofotografia.com\/index.php?rest_route=\/wp\/v2\/pages"}],"about":[{"href":"https:\/\/www.jlcaberofotografia.com\/index.php?rest_route=\/wp\/v2\/types\/page"}],"author":[{"embeddable":true,"href":"https:\/\/www.jlcaberofotografia.com\/index.php?rest_route=\/wp\/v2\/users\/1"}],"replies":[{"embeddable":true,"href":"https:\/\/www.jlcaberofotografia.com\/index.php?rest_route=%2Fwp%2Fv2%2Fcomments&post=1155"}],"version-history":[{"count":16,"href":"https:\/\/www.jlcaberofotografia.com\/index.php?rest_route=\/wp\/v2\/pages\/1155\/revisions"}],"predecessor-version":[{"id":1241,"href":"https:\/\/www.jlcaberofotografia.com\/index.php?rest_route=\/wp\/v2\/pages\/1155\/revisions\/1241"}],"wp:attachment":[{"href":"https:\/\/www.jlcaberofotografia.com\/index.php?rest_route=%2Fwp%2Fv2%2Fmedia&parent=1155"}],"curies":[{"name":"wp","href":"https:\/\/api.w.org\/{rel}","templated":true}]}}