{"id":1118,"date":"2024-05-27T11:30:20","date_gmt":"2024-05-27T11:30:20","guid":{"rendered":"https:\/\/www.jlcaberofotografia.com\/?page_id=1118"},"modified":"2024-05-27T11:55:57","modified_gmt":"2024-05-27T11:55:57","slug":"elementor-1118","status":"publish","type":"page","link":"https:\/\/www.jlcaberofotografia.com\/?page_id=1118","title":{"rendered":"Prueba de productos \/ proveedores."},"content":{"rendered":"\t\t<div data-elementor-type=\"wp-page\" data-elementor-id=\"1118\" class=\"elementor elementor-1118\" data-elementor-post-type=\"page\">\n\t\t\t\t\t\t<section class=\"elementor-section elementor-top-section elementor-element elementor-element-09e9025 elementor-section-boxed elementor-section-height-default elementor-section-height-default\" data-id=\"09e9025\" data-element_type=\"section\">\n\t\t\t\t\t\t<div class=\"elementor-container elementor-column-gap-default\">\n\t\t\t\t\t<div class=\"elementor-column elementor-col-100 elementor-top-column elementor-element elementor-element-d3d7984\" data-id=\"d3d7984\" data-element_type=\"column\">\n\t\t\t<div class=\"elementor-widget-wrap elementor-element-populated\">\n\t\t\t\t\t\t<div class=\"elementor-element elementor-element-23a0ea9 elementor-widget elementor-widget-image\" data-id=\"23a0ea9\" data-element_type=\"widget\" data-widget_type=\"image.default\">\n\t\t\t\t<div class=\"elementor-widget-container\">\n\t\t\t\t\t\t\t\t\t\t\t\t\t<img fetchpriority=\"high\" decoding=\"async\" width=\"1024\" height=\"1024\" src=\"https:\/\/www.jlcaberofotografia.com\/wp-content\/uploads\/2024\/05\/DSCF7440Hq-1024x1024.jpg\" class=\"attachment-large size-large wp-image-1123\" alt=\"\" srcset=\"https:\/\/www.jlcaberofotografia.com\/wp-content\/uploads\/2024\/05\/DSCF7440Hq-1024x1024.jpg 1024w, https:\/\/www.jlcaberofotografia.com\/wp-content\/uploads\/2024\/05\/DSCF7440Hq-300x300.jpg 300w, https:\/\/www.jlcaberofotografia.com\/wp-content\/uploads\/2024\/05\/DSCF7440Hq-150x150.jpg 150w, https:\/\/www.jlcaberofotografia.com\/wp-content\/uploads\/2024\/05\/DSCF7440Hq-768x768.jpg 768w, https:\/\/www.jlcaberofotografia.com\/wp-content\/uploads\/2024\/05\/DSCF7440Hq.jpg 1500w\" sizes=\"(max-width: 1024px) 100vw, 1024px\" \/>\t\t\t\t\t\t\t\t\t\t\t\t\t<\/div>\n\t\t\t\t<\/div>\n\t\t\t\t\t<\/div>\n\t\t<\/div>\n\t\t\t\t\t<\/div>\n\t\t<\/section>\n\t\t\t\t<section class=\"elementor-section elementor-top-section elementor-element elementor-element-2be42a3 elementor-section-boxed elementor-section-height-default elementor-section-height-default\" data-id=\"2be42a3\" data-element_type=\"section\">\n\t\t\t\t\t\t<div class=\"elementor-container elementor-column-gap-default\">\n\t\t\t\t\t<div class=\"elementor-column elementor-col-100 elementor-top-column elementor-element elementor-element-06eeb6e\" data-id=\"06eeb6e\" data-element_type=\"column\">\n\t\t\t<div class=\"elementor-widget-wrap elementor-element-populated\">\n\t\t\t\t\t\t<div class=\"elementor-element elementor-element-cfb5ca7 elementor-pagination-type-bullets elementor-arrows-position-inside elementor-pagination-position-outside elementor-widget elementor-widget-loop-carousel\" data-id=\"cfb5ca7\" data-element_type=\"widget\" data-settings=\"{&quot;template_id&quot;:&quot;1131&quot;,&quot;_skin&quot;:&quot;post&quot;,&quot;slides_to_show&quot;:&quot;3&quot;,&quot;slides_to_show_tablet&quot;:&quot;2&quot;,&quot;slides_to_show_mobile&quot;:&quot;1&quot;,&quot;slides_to_scroll&quot;:&quot;1&quot;,&quot;edit_handle_selector&quot;:&quot;.elementor-widget-container&quot;,&quot;autoplay&quot;:&quot;yes&quot;,&quot;autoplay_speed&quot;:5000,&quot;pause_on_hover&quot;:&quot;yes&quot;,&quot;pause_on_interaction&quot;:&quot;yes&quot;,&quot;infinite&quot;:&quot;yes&quot;,&quot;speed&quot;:500,&quot;offset_sides&quot;:&quot;none&quot;,&quot;arrows&quot;:&quot;yes&quot;,&quot;pagination&quot;:&quot;bullets&quot;,&quot;image_spacing_custom&quot;:{&quot;unit&quot;:&quot;px&quot;,&quot;size&quot;:10,&quot;sizes&quot;:[]},&quot;image_spacing_custom_tablet&quot;:{&quot;unit&quot;:&quot;px&quot;,&quot;size&quot;:&quot;&quot;,&quot;sizes&quot;:[]},&quot;image_spacing_custom_mobile&quot;:{&quot;unit&quot;:&quot;px&quot;,&quot;size&quot;:&quot;&quot;,&quot;sizes&quot;:[]}}\" data-widget_type=\"loop-carousel.post\">\n\t\t\t\t<div class=\"elementor-widget-container\">\n\t\t\t\t\t<div class=\"swiper elementor-loop-container elementor-grid\" dir=\"ltr\">\n\t\t\t\t<div class=\"swiper-wrapper\" aria-live=\"off\">\n\t\t<style id=\"loop-1131\">.elementor-1131 .elementor-element.elementor-element-593b186 > .elementor-element-populated{transition:background 0.3s, border 0.3s, border-radius 0.3s, box-shadow 0.3s;}.elementor-1131 .elementor-element.elementor-element-593b186 > .elementor-element-populated > .elementor-background-overlay{transition:background 0.3s, border-radius 0.3s, opacity 0.3s;}.elementor-1131 .elementor-element.elementor-element-52b6caf{text-align:center;color:#000000;text-shadow:0px 0px 10px rgba(0,0,0,0.3);}@media(min-width:768px){.elementor-1131 .elementor-element.elementor-element-593b186{width:100%;}}<\/style>\t\t<div data-elementor-type=\"loop-item\" data-elementor-id=\"1131\" class=\"elementor elementor-1131 swiper-slide e-loop-item e-loop-item-671 post-671 post type-post status-publish format-standard hentry category-contadores-de-historias\" data-elementor-post-type=\"elementor_library\" role=\"group\" aria-roledescription=\"slide\" data-custom-edit-handle=\"1\">\n\t\t\t\t\t<section class=\"elementor-section elementor-top-section elementor-element elementor-element-40e3d3c elementor-section-boxed elementor-section-height-default elementor-section-height-default\" data-id=\"40e3d3c\" data-element_type=\"section\">\n\t\t\t\t\t\t<div class=\"elementor-container elementor-column-gap-default\">\n\t\t\t\t\t<div class=\"elementor-column elementor-col-100 elementor-top-column elementor-element elementor-element-593b186\" data-id=\"593b186\" data-element_type=\"column\" data-settings=\"{&quot;background_background&quot;:&quot;slideshow&quot;,&quot;background_slideshow_gallery&quot;:[{&quot;id&quot;:1129,&quot;url&quot;:&quot;https:\\\/\\\/www.jlcaberofotografia.com\\\/wp-content\\\/uploads\\\/2024\\\/05\\\/DSCF7451Hq.jpg&quot;},{&quot;id&quot;:1128,&quot;url&quot;:&quot;https:\\\/\\\/www.jlcaberofotografia.com\\\/wp-content\\\/uploads\\\/2024\\\/05\\\/DSCF7450Hq.jpg&quot;},{&quot;id&quot;:1127,&quot;url&quot;:&quot;https:\\\/\\\/www.jlcaberofotografia.com\\\/wp-content\\\/uploads\\\/2024\\\/05\\\/DSCF7449Hq.jpg&quot;},{&quot;id&quot;:1126,&quot;url&quot;:&quot;https:\\\/\\\/www.jlcaberofotografia.com\\\/wp-content\\\/uploads\\\/2024\\\/05\\\/DSCF7445Hq.jpg&quot;},{&quot;id&quot;:1125,&quot;url&quot;:&quot;https:\\\/\\\/www.jlcaberofotografia.com\\\/wp-content\\\/uploads\\\/2024\\\/05\\\/DSCF7444Hq.jpg&quot;},{&quot;id&quot;:1124,&quot;url&quot;:&quot;https:\\\/\\\/www.jlcaberofotografia.com\\\/wp-content\\\/uploads\\\/2024\\\/05\\\/DSCF7443Hq.jpg&quot;},{&quot;id&quot;:1123,&quot;url&quot;:&quot;https:\\\/\\\/www.jlcaberofotografia.com\\\/wp-content\\\/uploads\\\/2024\\\/05\\\/DSCF7440Hq.jpg&quot;}],&quot;background_slideshow_loop&quot;:&quot;yes&quot;,&quot;background_slideshow_slide_duration&quot;:5000,&quot;background_slideshow_slide_transition&quot;:&quot;fade&quot;,&quot;background_slideshow_transition_duration&quot;:500}\">\n\t\t\t<div class=\"elementor-widget-wrap\">\n\t\t\t\t\t\t\t<\/div>\n\t\t<\/div>\n\t\t\t\t\t<\/div>\n\t\t<\/section>\n\t\t\t\t<section class=\"elementor-section elementor-top-section elementor-element elementor-element-8a05f12 elementor-section-boxed elementor-section-height-default elementor-section-height-default\" data-id=\"8a05f12\" data-element_type=\"section\">\n\t\t\t\t\t\t<div class=\"elementor-container elementor-column-gap-default\">\n\t\t\t\t\t<div class=\"elementor-column elementor-col-100 elementor-top-column elementor-element elementor-element-c3f0a83\" data-id=\"c3f0a83\" data-element_type=\"column\">\n\t\t\t<div class=\"elementor-widget-wrap elementor-element-populated\">\n\t\t\t\t\t\t<div class=\"elementor-element elementor-element-52b6caf elementor-widget elementor-widget-text-editor\" data-id=\"52b6caf\" data-element_type=\"widget\" data-widget_type=\"text-editor.default\">\n\t\t\t\t<div class=\"elementor-widget-container\">\n\t\t\t\t\t\t\t<p><span style=\"color: #000000; font-family: -apple-system, BlinkMacSystemFont, 'Segoe UI', Roboto, Helvetica, Arial, sans-serif; font-size: 14px; text-align: left; background-color: #ffffff;\">Hace unos d\u00edas\u00a0<\/span><a class=\"x1i10hfl xjbqb8w x1ejq31n xd10rxx x1sy0etr x17r0tee x972fbf xcfux6l x1qhh985 xm0m39n x9f619 x1ypdohk xt0psk2 xe8uvvx xdj266r x11i5rnm xat24cr x1mh8g0r xexx8yu x4uap5 x18d9i69 xkhd6sd x16tdsg8 x1hl2dhg xggy1nq x1a2a7pz notranslate _a6hd\" style=\"color: #385898; cursor: pointer; outline: none; list-style: none; margin: 0px; text-align: left; border-style: none; -webkit-tap-highlight-color: transparent; padding: 0px; border-width: 0px; touch-action: manipulation; background-color: #ffffff; font-family: -apple-system, BlinkMacSystemFont, 'Segoe UI', Roboto, Helvetica, Arial, sans-serif; font-size: 14px;\" tabindex=\"0\" role=\"link\" href=\"https:\/\/www.instagram.com\/saaldigital_es\/\">@saaldigital_es<\/a><span style=\"color: #000000; font-family: -apple-system, BlinkMacSystemFont, 'Segoe UI', Roboto, Helvetica, Arial, sans-serif; font-size: 14px; text-align: left; background-color: #ffffff;\">\u00a0me di\u00f3 la oportunidad de probar el producto \u00ab\u00e1lbum de gama profesional\u00bb y escog\u00ed para ello mi \u00faltimo trabajo de paisaje.<\/span><br style=\"color: #000000; font-family: -apple-system, BlinkMacSystemFont, 'Segoe UI', Roboto, Helvetica, Arial, sans-serif; font-size: 14px; text-align: left; background-color: #ffffff;\" \/><span style=\"color: #000000; font-family: -apple-system, BlinkMacSystemFont, 'Segoe UI', Roboto, Helvetica, Arial, sans-serif; font-size: 14px; text-align: left; background-color: #ffffff;\">La valoraci\u00f3n es enormemente positiva. La facilidad de la aplicaci\u00f3n de dise\u00f1o del \u00e1lbum, los plazos de env\u00edo. Tras hacer el pedido ten\u00eda el \u00e1lbum en mi poder a los 9 d\u00edas.\u00a0<\/span><span style=\"color: #000000; font-family: -apple-system, BlinkMacSystemFont, 'Segoe UI', Roboto, Helvetica, Arial, sans-serif; font-size: 14px; text-align: left; background-color: #ffffff;\">Adjunto fotos detalladas de los acabados, la portada de metacrilato con la foto impresa queda espectacular, el canteado en s\u00edmil de piel da mucha elegancia al trabajo y el papel e impresiones interiores son de m\u00e1xima calidad.\u00a0<\/span><span style=\"color: #000000; font-family: -apple-system, BlinkMacSystemFont, 'Segoe UI', Roboto, Helvetica, Arial, sans-serif; font-size: 14px; text-align: left; background-color: #ffffff;\">Sobre el precio, un alb\u00fam de 30&#215;21 con 30 p\u00e1ginas en papel fotogr\u00e1fico seda, sale por 111,78 euros env\u00edo en IVA inclu\u00eddos.<\/span><br style=\"color: #000000; font-family: -apple-system, BlinkMacSystemFont, 'Segoe UI', Roboto, Helvetica, Arial, sans-serif; font-size: 14px; text-align: left; background-color: #ffffff;\" \/><a class=\"x1i10hfl xjbqb8w x1ejq31n xd10rxx x1sy0etr x17r0tee x972fbf xcfux6l x1qhh985 xm0m39n x9f619 x1ypdohk xt0psk2 xe8uvvx xdj266r x11i5rnm xat24cr x1mh8g0r xexx8yu x4uap5 x18d9i69 xkhd6sd x16tdsg8 x1hl2dhg xggy1nq x1a2a7pz _aa9_ _a6hd\" style=\"color: #385898; cursor: pointer; overflow-wrap: break-word; outline: none; list-style: none; margin: 0px; text-align: left; border-style: none; -webkit-tap-highlight-color: transparent; padding: 0px; border-width: 0px; touch-action: manipulation; background-color: #ffffff; font-family: -apple-system, BlinkMacSystemFont, 'Segoe UI', Roboto, Helvetica, Arial, sans-serif; font-size: 14px;\" tabindex=\"0\" role=\"link\" href=\"https:\/\/www.instagram.com\/explore\/tags\/saaldigital\/\">#saaldigital<\/a><\/p>\t\t\t\t\t\t<\/div>\n\t\t\t\t<\/div>\n\t\t\t\t\t<\/div>\n\t\t<\/div>\n\t\t\t\t\t<\/div>\n\t\t<\/section>\n\t\t\t\t<\/div>\n\t\t\t\t<\/div>\n\t\t<\/div>\n\t\t\t\t\t<div class=\"elementor-swiper-button elementor-swiper-button-prev\" role=\"button\" tabindex=\"0\">\n\t\t\t\t<i aria-hidden=\"true\" class=\"eicon-chevron-left\"><\/i>\t\t\t<\/div>\n\t\t\t<div class=\"elementor-swiper-button elementor-swiper-button-next\" role=\"button\" tabindex=\"0\">\n\t\t\t\t<i aria-hidden=\"true\" class=\"eicon-chevron-right\"><\/i>\t\t\t<\/div>\n\t\t\t\t\t<div class=\"swiper-pagination\"><\/div>\n\t\t\t\t<\/div>\n\t\t\t\t<\/div>\n\t\t\t\t\t<\/div>\n\t\t<\/div>\n\t\t\t\t\t<\/div>\n\t\t<\/section>\n\t\t\t\t<\/div>\n\t\t","protected":false},"excerpt":{"rendered":"","protected":false},"author":1,"featured_media":0,"parent":0,"menu_order":0,"comment_status":"closed","ping_status":"closed","template":"","meta":{"footnotes":""},"class_list":["post-1118","page","type-page","status-publish","hentry"],"_links":{"self":[{"href":"https:\/\/www.jlcaberofotografia.com\/index.php?rest_route=\/wp\/v2\/pages\/1118","targetHints":{"allow":["GET"]}}],"collection":[{"href":"https:\/\/www.jlcaberofotografia.com\/index.php?rest_route=\/wp\/v2\/pages"}],"about":[{"href":"https:\/\/www.jlcaberofotografia.com\/index.php?rest_route=\/wp\/v2\/types\/page"}],"author":[{"embeddable":true,"href":"https:\/\/www.jlcaberofotografia.com\/index.php?rest_route=\/wp\/v2\/users\/1"}],"replies":[{"embeddable":true,"href":"https:\/\/www.jlcaberofotografia.com\/index.php?rest_route=%2Fwp%2Fv2%2Fcomments&post=1118"}],"version-history":[{"count":13,"href":"https:\/\/www.jlcaberofotografia.com\/index.php?rest_route=\/wp\/v2\/pages\/1118\/revisions"}],"predecessor-version":[{"id":1153,"href":"https:\/\/www.jlcaberofotografia.com\/index.php?rest_route=\/wp\/v2\/pages\/1118\/revisions\/1153"}],"wp:attachment":[{"href":"https:\/\/www.jlcaberofotografia.com\/index.php?rest_route=%2Fwp%2Fv2%2Fmedia&parent=1118"}],"curies":[{"name":"wp","href":"https:\/\/api.w.org\/{rel}","templated":true}]}}